t common factor of 9 and 174.
3
Calculate the greatest common divisor of 72 and 108.
36
Calculate the greatest common divisor of 60 and 5.
5
What is the highest common factor of 31 and 20?
1
What is the greatest common divisor of 240 and 1566?
6
Calculate the highest common divisor of 66 and 2079.
33
What is the greatest common factor of 99 and 979?
11
What is the greatest common factor of 13184 and 2?
2
What is the greatest common divisor of 36 and 171?
9
Calculate the highest common factor of 19 and 27.
1
What is the greatest common divisor of 14 and 1582?
14
What is the highest common divisor of 2565 and 1593?
27
What is the highest common factor of 40 and 1040?
40
What is the highest common factor of 382 and 1337?
191
Calculate the highest common factor of 30 and 530.
10
What is the greatest common divisor of 1981 and 283?
283
Calculate the highest common factor of 1595 and 539.
11
Calculate the greatest common factor of 3193 and 62.
31
Calculate the greatest common factor of 9904 and 16.
16
Calculate the greatest common divisor of 564 and 132.
12
Calculate the highest common divisor of 8 and 104.
8
Calculate the highest common divisor of 296 and 703.
37
Calculate the highest common factor of 618 and 57.
3
Calculate the highest common factor of 133 and 2489.
19
What is the greatest common factor of 344 and 3526?
86
Calculate the highest common divisor of 836 and 220.
44
Calculate the greatest common factor of 1937 and 143.
13
Calculate the highest common divisor of 1786 and 437.
19
What is the greatest common divisor of 3475 and 139?
139
Calculate the greatest common factor of 9 and 171.
9
What is the greatest common divisor of 680 and 3944?
136
Calculate the greatest common factor of 21 and 679.
7
What is the highest common factor of 184 and 4876?
92
Calculate the greatest common factor of 1647 and 108.
27
What is the highest common divisor of 16766 and 202?
202
What is the highest common factor of 43 and 559?
43
Calculate the greatest common divisor of 132 and 192.
12
Calculate the greatest common divisor of 21 and 168.
21
What is the highest common divisor of 986 and 102?
34
What is the greatest common factor of 199 and 2?
1
What is the greatest common divisor of 14140 and 8?
4
Calculate the greatest common factor of 640 and 55.
5
What is the highest common factor of 5175 and 50?
25
What is the greatest common divisor of 32 and 80?
16
What is the highest common factor of 16 and 23792?
16
Calculate the highest common factor of 56 and 21.
7
What is the highest common divisor of 98 and 2842?
98
What is the highest common factor of 280 and 40?
40
Calculate the greatest common factor of 1241 and 73.
73
Calculate the highest common factor of 2845 and 15.
5
What is the highest common divisor of 24 and 42?
6
What is the greatest common factor of 510 and 1360?
170
Calculate the highest common factor of 5 and 2705.
5
Calculate the greatest common factor of 678 and 18.
6
Calculate the highest common divisor of 9 and 903.
3
What is the highest common factor of 8160 and 48?
48
What is the highest common divisor of 277 and 41827?
277
What is the greatest common factor of 210 and 49?
7
What is the highest common divisor of 520 and 182?
26
What is the greatest common divisor of 35 and 3997?
7
What is the greatest common divisor of 2200 and 825?
275
What is the greatest common factor of 10229 and 106?
53
Calculate the highest common factor of 624 and 48.
48
What is the greatest common divisor of 528 and 84?
12
What is the greatest common factor of 462 and 42?
42
What is the highest common factor of 328 and 533?
41
Calculate the highest common divisor of 105 and 56.
7
Calculate the greatest common factor of 6648 and 108.
12
What is the highest common factor of 2034 and 36?
18
Calculate the greatest common factor of 6 and 294.
6
What is the greatest common factor of 33 and 165?
33
Calculate the greatest common factor of 1 and 13.
1
What is the highest common divisor of 3744 and 112?
16
What is the greatest common divisor of 6 and 282?
6
What is the highest common factor of 195 and 6?
3
What is the highest common divisor of 110 and 10?
10
Calculate the greatest common divisor of 312 and 3861.
39
Calculate the highest common factor of 132 and 48.
12
Calculate the greatest common divisor of 1540 and 880.
220
What is the highest common divisor of 329 and 188?
47
Calculate the highest common divisor of 450 and 18.
18
Calculate the greatest common divisor of 175 and 2135.
35
What is the greatest common divisor of 2148 and 12?
12
What is the highest common factor of 188 and 329?
47
Calculate the greatest common factor of 15 and 35.
5
Calculate the highest common divisor of 15 and 345.
15
Calculate the highest common factor of 84 and 2478.
42
Calculate the highest common divisor of 165 and 132.
33
What is the greatest common factor of 27 and 10827?
27
What is the highest common divisor of 19 and 6004?
19
Calculate the highest common factor of 114 and 150.
6
Calculate the highest common divisor of 441 and 4116.
147
What is the greatest common factor of 2432 and 38?
38
What is the highest common divisor of 11753 and 161?
161
Calculate the greatest common divisor of 13338 and 156.
78
What is the greatest common factor of 176 and 286?
22
What is the highest common factor of 82 and 123?
41
Calculate the highest common divisor of 660 and 20.
20
What is the highest common divisor of 48 and 32256?
48
What is the greatest common factor of 8 and 32?
8
What is the greatest common divisor of 48 and 448?
16
Calculate the greatest common divisor of 3562 and 26.
26
What is the greatest common divisor of 4 and 32?
4
What is the highest common divisor of 2204 and 152?
76
What is the greatest common factor of 104 and 7644?
52
Calculate the greatest common factor of 36 and 234.
18
What is the highest common factor of 204 and 96?
12
Calculate the highest common factor of 10955 and 35.
35
Calculate the greatest common factor of 47 and 1457.
47
Calculate the highest common factor of 26 and 52.
26
Calculate the greatest common factor of 95 and 2413.
19
What is the greatest common factor of 517 and 11?
11
Calculate the greatest common divisor of 6 and 1978.
2
What is the highest common factor of 920 and 1060?
20
Calculate the highest common divisor of 3 and 420.
3
Calculate the greatest common factor of 8232 and 8.
8
What is the highest common divisor of 100 and 4700?
100
What is the highest common divisor of 30 and 12?
6
Calculate the greatest common divisor of 91 and 52.
13
What is the highest common divisor of 292 and 1606?
146
What is the greatest common factor of 3042 and 162?
18
Calculate the greatest common factor of 2807 and 7.
7
Calculate the greatest common factor of 318 and 1060.
106
What is the highest common divisor of 6 and 8?
2
What is the greatest common factor of 455 and 70?
35
What is the highest common factor of 512 and 1472?
64
What is the highest common factor of 4 and 2662?
2
Calculate the highest common divisor of 400 and 64.
16
Calculate the highest common divisor of 78 and 1209.
39
What is the greatest common divisor of 2695 and 55?
55
What is the highest common divisor of 52 and 104?
52
Calculate the highest common divisor of 184 and 1024.
8
Calculate the highest common divisor of 1302 and 3813.
93
What is the highest common divisor of 2109 and 444?
111
Calculate the greatest common divisor of 68 and 1020.
68
What is the greatest common factor of 4141 and 41?
41
What is the highest common divisor of 854 and 122?
122
What is the greatest common factor of 2506 and 1611?
179
Calculate the highest common factor of 74 and 1850.
74
What is the highest common divisor of 5 and 6995?
5
Calculate the highest common factor of 30247 and 203.
203
Calculate the greatest common factor of 1740 and 180.
60
What is the highest common factor of 343 and 98?
49
Calculate the highest common factor of 170 and 238.
34
What is the greatest common factor of 504 and 3?
3
What is the highest common factor of 66 and 96?
6
What is the greatest common factor of 66 and 30?
6
Calculate the greatest common divisor of 41 and 287.
41
Calculate the greatest common factor of 75 and 185.
5
What is the highest common divisor of 11977 and 14?
7
Calculate the highest common divisor of 128 and 56.
